6 - g. What is the greatest common divisor of b and 31?
31
Let m be -15 - -547 - 1 - 3. What is the highest common factor of m and 858?
66
Let v = 14406 + -7276. Calculate the highest common factor of v and 460.
230
Suppose -4*b - a = -2656, 0*b - 5*a = -4*b + 2680. Let v be 4/(-1) + -3*(-17)/3. Suppose v*w - b = 8*w. What is the highest common factor of w and 19?
19
Let p(f) be the first derivative of 4*f**3/3 - 7*f**2 - 5*f + 81. Let w = 15 + -9. Let b be p(w). What is the greatest common divisor of b and 22?
11
Let p be (-1516)/(-3) + 1300/60 + -21. Calculate the greatest common divisor of 1610 and p.
46
Let g(u) = -34*u - 1122. Let h be g(-36). Calculate the greatest common divisor of 6528 and h.
102
Suppose -2*x + 10 = -x + 2*j, -5*j = -2*x - 25. Suppose -110 = -x*p + 2*p. Let n = p - -66. What is the greatest common divisor of n and 11?
11
Let g be -64 + (-47040)/(-704) - 2/(-11)*1. Let u = -8 + 8. Let w be 9 + u + (-2 - -2). Calculate the highest common divisor of w and g.
3
Suppose -3*l - 8 = -2*x, 4*l + 3 = -2*x + 11. Let i = l - -3. Suppose -50*w + 36*w - 54 = -23*w. Calculate the highest common divisor of w and i.
3
Suppose 2*x = 9 - 1, 4*j - 4*x - 836 = 0. Let w = -11 + j. Let t be 18/(-45) + w/5. Calculate the greatest common divisor of 30 and t.
10
Suppose 4*o - 29 = 19. Suppose 18*c - 58 = -19*r + 21*r, -3*r - 3*c + 63 = 0. Calculate the greatest common factor of r and o.
4
Let o be -5*((2 - -2) + 1). Let q be (-3 - -1) + o/(-5). Suppose z = -q*m - 0 - 6, -4*m - 9 = z. What is the highest common divisor of z and 6?
3
Suppose y + 4 = 0, 4*c + y = 37 - 13. Suppose 0 = -4*d - 5*t + 164, d + c*t = 4*t + 34. What is the greatest common factor of 598 and d?
46
Let r(c) = -6*c**3 + 11*c**2 + 17*c - 5. Let n be r(-5). What is the greatest common factor of 595 and n?
85
Let b(j) be the first derivative of -3*j**4/4 - j**3/3 + 2*j**2 + 10*j - 235. Let w be b(-3). Calculate the greatest common factor of w and 10.
10
Let b = 7634 + -7564. What is the greatest common divisor of b and 469?
7
Suppose 0 = 3*j + 3 - 12. Suppose -2*d - d + j = 0, 4*f = -5*d + 9. Let b be 128/(-32)*(3 + -1) + 9. What is the greatest common divisor of b and f?
1
Suppose 3*i - 4*o = 121244, 2*i = 5*i - 3*o - 121239. Calculate the greatest common factor of i and 8.
8
Let f be (-2 - (-14)/4)/(4/8). Let t be (351/6)/f*2. What is the highest common divisor of t and 9?
3
Suppose -5*m + 145 = -w - 4*w, 0 = 2*m - 8. Let l be w/(-4)*((5 - 10) + 9). Suppose 3*d + l = 97. Calculate the greatest common divisor of d and 96.
24
Let g = 8400 + -8386. Suppose 0 = -3*t + 116 - 32. What is the greatest common factor of g and t?
14
Let q be (-14)/((-56)/(-36)) + 18997. Calculate the highest common divisor of 202 and q.
202
Let a(x) = -44*x + 19. Let r be a(10). Let n = r + 432. Calculate the highest common factor of n and 1001.
11
Let m(n) = -n**2 + 8*n + 5. Let d be m(4). Let t = 91 - d. What is the highest common divisor of t and 14?
14
Let t(q) = 9253*q - 225. Let u be t(1). What is the greatest common divisor of 732 and u?
244
Let r be (94/(-235))/((-11)/(-5)) - 57132/(-594). Let y = 6 - 4. Suppose z = y, -69 = -5*c + 2*z - 13. Calculate the greatest common divisor of r and c.
12
Let w(j) = j**3 - 69*j**2 - 131*j + 4332. Let x be w(70). What is the highest common factor of 9238 and x?
62
Suppose 9 = 6*k - 9. Suppose 6 = 3*h + k. Calculate the greatest common divisor of h and 3.
1
Let b be (4/(-10))/(1/(-5)). Let l be (-8)/(-4) + 1 + b. Suppose 3*o - 235 = -5*u, -2*u - l*o = -3*u + 19. What is the highest common factor of 66 and u?
22
Suppose 0 = 3*g + 3*s - 558, 3*g - s = -5*s + 560. Let h = -156 + g. What is the greatest common factor of h and 35?
7
Let c = 32 - 28. Suppose -c*h + 5 = -h - t, -4*t = 4*h - 28. Calculate the highest common factor of h and 4.
1
Suppose c - 123 = -10*k + 9*k, 3*k + 4*c = 368. Suppose 0 = -3*b + 2*r + k, 0 = -4*b + r + 130 + 42. Calculate the highest common factor of 28 and b.
4
Let n be 2/6*-2*20358/348. Let u be (-18)/6 + (-13)/(n/18). What is the greatest common divisor of u and 19?
1
Suppose 0 = -7753*o + 7775*o - 616. Suppose -4*n + 4 = -8. Suppose -2*u + 6*u - 20 = 0, n*z + 3*u = 267. Calculate the highest common factor of z and o.
28
Suppose 5*z - 5*r + 0*r - 185 = 0, -5*r = -3*z + 105. Let o be 3*((-2030)/(-15))/2. Suppose -21*a + 1463 = o. What is the highest common factor of z and a?
20
Suppose 0 = 6*b - 4*b. Suppose -2*p + b*p = -18. Let f be -19 + 28 + ((-12)/(-30) - 133/(-5)). What is the highest common factor of p and f?
9
Let b = 10028 + -10016. Calculate the highest common factor of 993 and b.
3
Suppose -4*s = 3*z - 119, 4*s + 179 - 67 = 4*z. Suppose 6*d - 3*d - z = 0. Let u = 230 - 109. Calculate the highest common factor of u and d.
11
Suppose g + 3 = 4*o, 3*o - 3 = -2*g + 13. Suppose -4*t - 392 = -o*y, y - 4*t + 184 = 2*y. Calculate the highest common divisor of 24 and y.
24
Let z be (80 + -59 - 17)/(2*(-2)/(-62)). What is the greatest common factor of z and 3007?
31
Let x be -4 - (-18 - 34) - -2*4. What is the highest common factor of x and 3976?
56
Suppose -6*i + 288 = 1398. Let w = i + 290. Suppose 4*h + 4*v - 108 = 0, -5*h - v + w = -6*v. Calculate the greatest common factor of h and 12.
12
Suppose 0 = -5*c + 10, 2*v + 509 = 2*c + 727. What is the greatest common factor of v and 132?
3
Let c(s) = 247*s + 1107. Let m be c(9). What is the highest common factor of m and 180?
90
Let l(j) be the third derivative of -5*j**4/4 + 2*j**3/3 + 14*j**2. Let a be l(-5). Let q be (-9)/6*a/(-3). What is the greatest common factor of 11 and q?
11
Suppose 0 = 3*f - 0 - 39. Let o be 2*(-3 - (-18)/4) + 120. Suppose 5*p - 38 - o = -4*z, 0 = -3*z - 4*p + 121. Calculate the greatest common divisor of f and z.
13
Suppose 6*o - 124 = 4*o. Let l = 109 - o. Suppose -3*p = -2*g - 17 - l, -3*p + 70 = -5*g. What is the highest common divisor of 5 and p?
5
Suppose 6724 = y + 14*y - 6401. What is the greatest common divisor of y and 50?
25
Let b(q) = q**2 - 2. Let w(v) = -v**2 - 114. Let c(u) = -2*b(u) - w(u). Let j be c(-9). Calculate the highest common factor of j and 74.
37
Let y(m) = -m**3 - 16*m**2 - 34*m - 404. Let p be y(-16). Let o = -119 - -231. Calculate the greatest common factor of p and o.
28
Suppose 4*a - 2953 = 7651. Suppose -6*g + a = -17*g. Let h = -91 - g. What is the highest common factor of h and 50?
50
Let j(f) = -522*f - 212. Let o be j(-2). What is the highest common divisor of 13 and o?
13
Let c = 14 + -8. Suppose 0 = -4*n + 5*j + 15, 4*n - 3*j = 19 + c. Suppose -8*w - 4*w = -960. Calculate the highest common divisor of n and w.
10
Let z = 10999 - 1036. Calculate the greatest common factor of 41 and z.
41
Let f = -37603 + 40069. What is the greatest common divisor of f and 1096?
274
Let g be ((-47)/(-5) + -9)/(3/60). Suppose -g*h + 39 = -129. What is the highest common divisor of 21 and h?
21
Let b(s) = s**3 - 7*s**2 - 40*s - 41. Let p be b(11). Suppose -2*n + 164 = i + 88, p*i = 2*n + 212. Calculate the greatest common divisor of i and 264.
24
Let b(t) = t**2 - 158*t - 312. Let q be b(197). Calculate the highest common factor of 91 and q.
91
Let w = -95 + 96. Suppose -4*g - 23 = w. Let b be 400/60*g/(-4). What is the greatest common factor of 20 and b?
10
Let k be (-18)/3 - (-6 + 9). Let f(s) = 2*s**2 + 18*s + 48. Let h be f(k). What is the highest common divisor of 32 and h?
16
Suppose -9*i + 3*i + 13 = -383. What is the greatest common divisor of 1364 and i?
22
Let u = 4333 - 4315. What is the highest common divisor of 117 and u?
9
Let d(g) = -3*g**3 + 20*g**2 + 92*g + 58. Let m be d(-5). Let q = 4 + -2. Let w be q*(43/(-2))/(-1). Calculate the greatest common factor of w and m.
43
Let n be (271 + -745)/(2/(-9)). Calculate the highest common divisor of n and 6.
3
Let n = 9772 + -5668. Calculate the greatest common factor of n and 60.
12
Let t(b) = 163*b + 2760. Let p be t(-16). What is the greatest common factor of 452 and p?
4
Suppose 20 = 5*o - o. Suppose 9 = o*s - 6. Suppose d = s*d - 112. Calculate the greatest common divisor of d and 8.
8
Let d = 2856 + -1114. What is the greatest common factor of 26 and d?
26
Let c(h) = -h**2 - 24*h + 1864. Let a be c(28). Calculate the highest common factor of a and 16.
8
Let b(c) = 4*c